e tens digit of f?
5
Let u(b) be the second derivative of 7*b**5/20 - b**3/6 - b**2/2 - 7*b - 35. Let w(f) = f - 5. Let v be w(7). What is the tens digit of u(v)?
5
Suppose -6*u - 5166 + 20550 = 0. What is the tens digit of u?
6
Let a(b) = -3*b**3 + 16*b**2 - 2*b - 10. Let j be a(5). Suppose 2*p = 4*x - 778, 3*x + 7*p - 601 = j*p. What is the tens digit of x?
9
Let u(g) = 18*g**3 - 14*g**2 + 11*g - 14. What is the units digit of u(5)?
1
Suppose 5*n - 230 - 320 = 0. Let a be -1*3*(n/(-15) - -6). Suppose -4*b + 2*h = -230, 9*b + 2*h = a*b + 301. What is the tens digit of b?
5
Let b(z) = 18961*z + 2358. What is the units digit of b(2)?
0
Suppose -8*y + 28 = -4*y. Suppose y*b = b + 18. Suppose b*f + 4*f - 770 = 0. What is the units digit of f?
0
Let r(s) = 5206*s**2 + 159*s + 323. What is the hundreds digit of r(-2)?
8
Suppose 3*q + 5*n = -6, 3*q + 0*n = 3*n + 18. Suppose -10 = -q*u + 2. Suppose -531 = -u*t + 17. What is the units digit of t?
7
Let s = 13615 - 4993. What is the units digit of s?
2
Let k(r) = 5*r**2 + 117*r + 1688. What is the tens digit of k(65)?
1
Let s = -83 - -87. What is the units digit of ((-6)/s)/((-33)/7612)?
6
Let o = -5856 + 11945. What is the units digit of o?
9
Suppose -50 = 2*u + 28. Let w = 69 + u. What is the tens digit of 2456/w + 4/30?
8
Let i(k) = 3*k**2. Let g be i(1). Let n(y) = 13*y + y**2 - 4*y**3 - 14*y + 2*y**g. What is the units digit of n(-3)?
6
Suppose -2*l + w = 2870, 5*l + 7145 = -w - 4*w. What is the tens digit of (l - 0)*(27/9)/(-3)?
3
Let s be 8*13/(-780) - (-2)/15. Let p be (846/15)/(-3)*-5. Suppose 4*d - k - 367 = s, -k - p = -0*d - d. What is the units digit of d?
1
Let y(b) = 188*b**3 + 3*b - 2339*b**2 + 4674*b**2 - 2338*b**2 - 2 - 21*b**3. What is the tens digit of y(2)?
2
Let h = 74 + -72. Suppose 0*c = c. Suppose -3*t - h*t + 5 = c. What is the units digit of t?
1
Suppose -413 = -29*h - 4531. Let q = h - -156. What is the units digit of q?
4
Let x(s) be the second derivative of 17*s**3/6 + 53*s**2/2 + 3*s - 14. What is the units digit of x(20)?
3
What is the tens digit of 16675*(-3)/45*-3?
3
Suppose -3*q + 51 = 3*g, -4*g + 76 = 5*q - 12. Let v(j) = q - 9*j - 12*j - 5 - 14*j. What is the units digit of v(-3)?
0
Suppose -21 = 3*y + 4*m, m - 4*m = -5*y - 64. Let h be y/(220/32)*-450. Suppose -4*w = 5*i - h, w - 50 - 130 = 4*i. What is the units digit of w?
0
Let u(m) = -12*m**2 - 1072*m + 13. What is the units digit of u(-86)?
3
Let y = 868 + 810. Let q = -1198 + y. Suppose -h + 470 = 5*j - j, -4*j + q = -4*h. What is the units digit of j?
8
Let b(u) = 4*u**2 - 16*u + 3. Let f be b(13). Let j = 279 + f. What is the hundreds digit of j?
7
Let p(v) = v**3 + 52*v**2 + 98*v - 101. Let g be p(-50). What is the tens digit of g/(-5) + 528256/320?
5
Suppose 0 = -2*g - 839 + 181. Let b = -9 - g. What is the units digit of b?
0
Let n(h) = 9*h**2 - 19*h - 20. Let x be n(-1). Suppose -5*i + 5*r = -415, i - 63 = 5*r - x*r. What is the tens digit of i?
7
What is the ten thousands digit of (-6)/18 + (-874106)/(-51) + 3?
1
Suppose u - 31*u = 60. What is the hundreds digit of 707/u*180/(-105)?
6
Suppose 7*i - 4*g = 8*i - 31926, 5*g = -3*i + 95743. What is the ten thousands digit of i?
3
Suppose -1559 = -2*w + 379. Suppose -4*o + 2470 = 2*a, a - w = 3*o + 286. What is the hundreds digit of a?
2
Suppose -4*j + 53340 = -t, 2*j = 17*t - 22*t + 26670. What is the ten thousands digit of j?
1
Suppose 0 = -2*d + 5*w + 20947, 939*d - 31433 = 936*d + 5*w. What is the ten thousands digit of d?
1
Suppose -5*y + 3*j = -217065, -94595 = -4*y - 5*j + 79057. What is the units digit of y?
3
Suppose -738*b + 148*b + 37180620 = 0. What is the tens digit of b?
1
Let l(u) be the second derivative of u**5/20 + u**4 + 17*u**3/6 - 3*u**2/2 + u. Let v be l(-9). What is the tens digit of v*(-8)/(-12) + 1*-2?
5
Let r(i) = -i**3 + 7*i**2 + 3*i - 13. Let k be r(7). Suppose 0*t = k*t - 7*t. Suppose -3*o - 2*o + 425 = t. What is the units digit of o?
5
Suppose 8*q + q = -180. What is the hundreds digit of (-3)/15 + (-6864)/q?
3
Suppose -4*u = -33*f + 38*f - 5710, 5*u = -3*f + 7144. Suppose -2*g + 4*g = u. What is the units digit of g?
5
Suppose 81*o - s = 83*o - 15, 0 = 4*o + 3*s - 33. What is the tens digit of 38/((-3)/(-396)*o)?
3
Let r(u) = u**3 - 8*u**2 + 11*u - 25. Let w be r(7). Suppose 8*d - 1146 = 3*d - w*k, 3*k + 702 = 3*d. What is the tens digit of d?
3
Suppose -3*b + 3*j + 41955 = 0, -34*j - 28 = -27*j. What is the hundreds digit of b?
9
Let a(u) = u**3 - 27*u**2 - 87*u + 113. What is the hundreds digit of a(40)?
4
Let o = -154 + 151. Let l(f) = 15*f**2 - 10*f - 24. What is the units digit of l(o)?
1
Suppose -2*v = q - 17985, 2*q + 10286 = v + 1311. What is the tens digit of v?
8
Suppose -2*o - 5*j = -1213, 1204 = 2*o - 4*j - 0*j. Suppose 3*u = -3*b - 0*u + 1818, -b + o = 2*u. Let l = -382 + b. What is the tens digit of l?
2
Let z(i) = 14*i + 13. Let u be z(2). Suppose -37*a + u*a - 1640 = 0. What is the tens digit of a?
1
Suppose 0 = 3*k - 6*k - 36. Let w(b) = 19*b**3 - 10*b - 33 + b**3 + 12*b**2 - 19*b**3. What is the tens digit of w(k)?
8
Let b be 15505/(-9) - (-2)/45*-5. Let u = b + 3010. What is the hundreds digit of u?
2
What is the hundreds digit of 204/(-10)*(-46900)/56?
0
Let q(w) = 106*w**2 - 268*w + 42. What is the thousands digit of q(22)?
5
Suppose -1133 = -20*x + 14*x + 108985. What is the hundreds digit of x?
3
Let v(p) = 67*p**3 + 2*p**2 - 3*p + 1. Let m be v(1). Let s be m - (16/4 + -4). Suppose 64*y + 189 = s*y. What is the tens digit of y?
6
Suppose 5*f - 17 = -x, -5*x + 2 = 4*f - 20. Suppose -2*l + 5*l - 4*z = -213, x*l + 125 = -3*z. Let u = 119 + l. What is the tens digit of u?
5
Let g(f) = f**2 + 12*f - 6. Let d be g(-13). Let b be 2407*d/77 + 2/11. Suppose 0 = -5*h + 96 + b. What is the tens digit of h?
6
What is the hundreds digit of (0 - -34172) + ((-790)/(-474))/((-10)/12)?
1
Let p(l) = 2*l**2 - 4*l - 4. Let a be p(3). Let h(z) = -z**3 - 5*z**2 + 8*z**a + 5*z**2 + z**2 - 8 + 8*z. What is the units digit of h(9)?
4
Suppose -253 = 11*n - 34*n. What is the hundreds digit of 11202/22 + (-2)/n?
5
Suppose -2*m - 14 = 3*o, -14 = -0*m + 2*m + 5*o. Let j be (-46)/(-14) - (-2)/m. What is the tens digit of j/(3/89) + 2?
9
Suppose r - 6*r = 2*s - 1229, -2*r = s - 615. What is the hundreds digit of s?
6
Suppose -3*q - g + 5*g + 127797 = 0, q + 3*g = 42573. What is the thousands digit of q?
2
Let t(p) = 43*p**2 - 4*p + 15. Let h be t(-4). Suppose -9*d + 11*d = 5*i - 1781, h = 2*i - 3*d. What is the units digit of i?
5
Let a = -9 - -11. Suppose -2*o - 4*p + 334 = 0, -5*o - a*p = -647 - 164. Suppose 5*c = -2*l + 259, -o = -3*c - 4*l - 0*l. What is the units digit of c?
1
Suppose 4*r = -5*i + 33, 15 = -5*r - 5*i + 50. Let j(h) = 99*h**2 - 4*h + 5. Let l be j(r). Suppose 4*z = l + 399. What is the tens digit of z?
9
Let m(t) = 48*t - 27. Let y be m(4). What is the tens digit of ((-168)/30)/((-3)/y)?
0
Let x = 59871 + -26723. What is the tens digit of x?
4
Let r(o) = -o**2 + 13*o - 28. Let z be r(10). Suppose -z*g = -3*u + 560, 0 = 2*u - 5*g + 6*g - 364. What is the hundreds digit of u?
1
Suppose 0 = -8*z - 49 + 73. Let d(r) = 91*r**2 - 5*r + 14. What is the tens digit of d(z)?
1
Let c = -58 - -62. Let a = 6 - c. Suppose -a*n = 4, 2*g + 3*n - 329 = -3*g. What is the units digit of g?
7
Let f(p) = -p**2 - 2*p + 4. Let k be f(-3). Suppose -6 = 5*u - k, 4*j - 5*u = 12981. What is the units digit of 1 + j/20 + (-2)/10?
3
What is the units digit of (88/2)/((-776)/(-273540))?
0
Let j(y) = 79*y - 11 - 137*y + 56*y. What is the tens digit of j(-39)?
6
Suppose -b - 54761 = -5*f, 16*f - 11*f - 54743 = -2*b. What is the thousands digit of f?
0
Let u(d) = -d**2 - 3*d - 1. Let j be u(-8). Let w = 39 + j. What is the units digit of ((-4)/2)/w*34?
4
Let i be (153 + 2)/((-5)/220*-2). Suppose -5*r + i = -0*r. What is the hundreds digit of r?
6
Let a be -4 - (3 + -13)*256/10. Let i(l) = 3*l - 3. Let m be i(2). Suppose 0*z + a = 3*z + m*b, 2*z + 3*b = 163. What is the tens digit of z?
8
Suppose -6*u = 2*u - 64. Let h be (-3)/u + 53685/120. Suppose h = 2*n + 93. What is the units digit of n?
7
What is the thousands digit of 507/5*(-1430)/(-66)?
2
Suppose 16 - 48 = -4*d. Suppose -j = j + d. Let w = j - -62. What is the tens digit of w?
5
Let